e factors of 200484?
2, 3, 5569
List the prime factors of 32157.
3, 397
What are the prime factors of 500014?
2, 250007
What are the prime factors of 12741718?
2, 11, 103, 5623
What are the prime factors of 963335?
5, 192667
What are the prime factors of 25896397?
25896397
What are the prime factors of 2943953?
887, 3319
List the prime factors of 77027.
17, 23, 197
List the prime factors of 3570815.
5, 714163
What are the prime factors of 75630?
2, 3, 5, 2521
List the prime factors of 11979857.
31, 383, 1009
What are the prime factors of 408754?
2, 204377
What are the prime factors of 373928?
2, 43, 1087
What are the prime factors of 309949?
37, 8377
List the prime factors of 550046.
2, 7, 101, 389
List the prime factors of 366711.
3, 251, 487
List the prime factors of 3350465.
5, 163, 4111
What are the prime factors of 947827?
151, 6277
List the prime factors of 3912300.
2, 3, 5, 7, 23
What are the prime factors of 14635329?
3, 4878443
List the prime factors of 18121272.
2, 3, 13, 241
List the prime factors of 788036.
2, 197009
List the prime factors of 145726.
2, 7, 1487
List the prime factors of 4383911.
7, 157, 3989
What are the prime factors of 1366093?
1366093
List the prime factors of 1997916.
2, 3, 331, 503
List the prime factors of 1223696.
2, 76481
List the prime factors of 533391.
3, 177797
What are the prime factors of 9173628?
2, 3, 29, 101
List the prime factors of 144618.
2, 3, 24103
List the prime factors of 1775806.
2, 887903
What are the prime factors of 25181463?
3, 8393821
What are the prime factors of 195596?
2, 107, 457
What are the prime factors of 1544153?
13, 9137
List the prime factors of 274249.
41, 6689
What are the prime factors of 144296?
2, 17, 1061
List the prime factors of 6133394.
2, 1327, 2311
What are the prime factors of 285503?
73, 3911
List the prime factors of 350371.
7, 50053
What are the prime factors of 7934302?
2, 83, 47797
List the prime factors of 5052029.
317, 15937
List the prime factors of 139193.
109, 1277
List the prime factors of 8287289.
41, 202129
List the prime factors of 5053673.
157, 32189
What are the prime factors of 16138656?
2, 3, 18679
List the prime factors of 3629879.
11, 131, 229
List the prime factors of 566630.
2, 5, 56663
What are the prime factors of 7054588?
2, 877, 2011
What are the prime factors of 833962?
2, 31, 13451
List the prime factors of 565525.
5, 22621
What are the prime factors of 9237450?
2, 3, 5, 61583
What are the prime factors of 5220006?
2, 3, 11, 139, 569
What are the prime factors of 5265535?
5, 11, 95737
What are the prime factors of 967261?
967261
What are the prime factors of 420223?
17, 19, 1301
List the prime factors of 266446.
2, 127, 1049
List the prime factors of 1655127.
3, 59, 1039
List the prime factors of 1264991.
7, 13, 13901
What are the prime factors of 308163?
3, 139, 739
List the prime factors of 228171.
3, 19, 4003
List the prime factors of 2889669.
3, 963223
What are the prime factors of 53694?
2, 3, 19, 157
What are the prime factors of 5777806?
2, 101, 28603
List the prime factors of 5100876.
2, 3, 11, 1171
What are the prime factors of 290725?
5, 29, 401
What are the prime factors of 77530?
2, 5, 7753
What are the prime factors of 13862983?
31, 447193
What are the prime factors of 273811?
101, 2711
List the prime factors of 11296745.
5, 43, 52543
List the prime factors of 925061.
59, 15679
List the prime factors of 248594.
2, 124297
List the prime factors of 3790566.
2, 3, 13, 97, 167
List the prime factors of 1275830.
2, 5, 127583
What are the prime factors of 1777311?
3, 197479
List the prime factors of 19241658.
2, 3, 356327
List the prime factors of 303672.
2, 3, 12653
List the prime factors of 2690103.
3, 13, 23, 2999
What are the prime factors of 986391?
3, 7, 17, 307
List the prime factors of 736846.
2, 11, 33493
List the prime factors of 184839.
3, 61613
List the prime factors of 5967933.
3, 337, 5903
What are the prime factors of 963467?
29, 33223
What are the prime factors of 1919174?
2, 197, 4871
What are the prime factors of 5526896?
2, 345431
What are the prime factors of 25381203?
3, 8460401
What are the prime factors of 1581430?
2, 5, 158143
What are the prime factors of 68111?
68111
List the prime factors of 2348718.
2, 3, 391453
What are the prime factors of 4096539?
3, 455171
What are the prime factors of 37161212?
2, 11, 277, 3049
What are the prime factors of 1292724?
2, 3, 149, 241
What are the prime factors of 345814?
2, 7, 17, 1453
What are the prime factors of 499233?
3, 7, 23773
List the prime factors of 21493018.
2, 10746509
List the prime factors of 214980.
2, 3, 5, 3583
What are the prime factors of 223151?
223151
List the prime factors of 21872232.
2, 3, 303781
What are the prime factors of 69254?
2, 31, 1117
What are the prime factors of 346315?
5, 69263
What are the prime factors of 297109?
17, 17477
What are the prime factors of 317402?
2, 151, 1051
List the prime factors of 3159698.
2, 457, 3457
What are the prime factors of 3337167?
3, 1112389
List the prime factors of 10584110.
2, 5, 61, 17351
List the prime factors of 8804135.
5, 41, 67, 641
What are the prime factors of 1117072?
2, 11, 577
List the prime factors of 190980.
2, 3, 5, 1061
What are the prime factors of 66660?
2, 3, 5, 11, 101
List the prime factors of 24792678.
2, 3, 1377371
What are the prime factors of 241006?
2, 120503
List the prime factors of 390718.
2, 195359
What are the prime factors of 2571453?
3, 95239
What are the prime factors of 15059895?
3, 5, 439, 2287
What are the prime factors of 140171?
140171
What are the prime factors of 7129863?
3, 13, 37, 61
List the prime factors of 9759328.
2, 304979
What are the prime factors of 224372?
2, 56093
List the prime factors of 979393.
19, 2713
List the prime factors of 18184979.
1627, 11177
List the prime factors of 554162.
2, 7, 23, 1721
List the prime factors of 316355.
5, 13, 31, 157
List the prime factors of 960441.
3, 389, 823
What are the prime factors of 3390386?
2, 563, 3011
What are the prime factors of 282812?
2, 17, 4159
List the prime factors of 3111096.
2, 3, 129629
What are the prime factors of 16612071?
3, 7, 107, 7393
List the prime factors of 2362779.
3, 17, 15443
List the prime factors of 10616816.
2, 7, 94793
What are the prime factors of 435080?
2, 5, 73, 149
List the prime factors of 8801.
13, 677
What are the prime factors of 1810174?
2, 905087
What are the prime factors of 531408?
2, 3, 11071
List the prime factors of 3332056.
2, 7, 13, 23, 199
List the prime factors of 1761683.
7, 11, 137, 167
What are the prime factors of 4516886?
2, 11, 31, 37, 179
List the prime factors of 35773.
83, 431
What are the prime factors of 1522329?
3, 43, 11801
What are the prime factors of 10274298?
2, 3, 1712383
What are the prime factors of 180517?
97, 1861
What are the prime factors of 4551052?
2, 11, 9403
List the prime factors of 3207554.
2, 7, 197, 1163
List the prime factors of 3763272.
2, 3, 29, 5407
List the prime factors of 6119779.
17, 359987
What are the prime factors of 4936572?
2, 3, 43, 1063
What are the prime factors of 10586926?
2, 7, 677, 1117
List the prime factors of 169008.
2, 3, 7, 503
What are the prime factors of 1126776?
2, 3, 7, 19, 353
List the prime factors of 18901913.
18901913
List the prime factors of 1461579.
3, 7, 79, 881
What are the prime factors of 5939805?
3, 5, 43, 9209
List the prime factors of 246396.
2, 3, 20533
List the prime factors of 4398342.
2, 3, 13, 17, 31, 107
List the prime factors of 673463.
7, 23, 47, 89
What are the prime factors of 20266665?
3, 5, 1351111
What are the prime factors of 4333854?
2, 3, 7, 14741
List the prime factors of 135836.
2, 29, 1171
What are the prime factors of 4217329?
71, 59399
List the prime factors of 1041195.
3, 5, 41, 1693
List the prime factors of 13423277.
7, 41, 46771
List the prime factors of 93114.
2, 3, 7, 739
What are the prime factors of 1306339?
1306339
List the prime factors of 2390083.
227, 10529
List the prime factors of 4358423.
41, 106303
List the prime factors of 4638174.
2, 3, 773029
What are the prime factors of 1300688?
2, 81293
List the prime factors of 145933.
145933
List the prime factors of 7320987.
3, 813443
List the prime factors of 172241.
41, 4201
What are the prime 